. Let u = 823 - 816. Let q(n) = u*m(n) + 2*i(n). What is q(6)?
-4
Suppose 4*r + 3130 = 3178. Let f(w) = -w**3 + 11*w**2 + 12*w + 15. Determine f(r).
15
Let z(j) be the second derivative of -j**6/360 - j**5/10 - 11*j**4/24 - 77*j**3/6 - 93*j. Let m(q) be the second derivative of z(q). Calculate m(-9).
16
Let s(b) = b**2 + 18*b + 87. Let g be s(-10). Let l(z) = -z**2 + 11*z - 12. What is l(g)?
16
Let c(s) be the second derivative of -s**5/20 + s**4/3 - s**3/2 - 19*s. Suppose 0 = -8*k + 5*k + 63. Let m be 8/32 + k/12. Calculate c(m).
2
Suppose 4212*q - 4206*q - 18 = 0. Let c(b) be the first derivative of -b**4/4 + 4*b**3/3 - 2*b**2 + 3*b - 84. Give c(q).
0
Let x(v) be the third derivative of -v**5/60 - v**4/6 + 2*v**3/3 + 415*v**2. Give x(-6).
-8
Let h(t) = -14288*t - 2*t**2 - 14278*t + 28568*t + 2 - 9*t**3. Give h(-1).
7
Let o(y) = -3*y - 7. Suppose -24*x - 4*a - a = -20*x, -4*a = -4*x. Give o(x).
-7
Let t(m) = -m**2 - 8*m - 2. Let c be t(-7). Suppose 2*q = -3*q + c. Let k(j) = 9*j + 8. Let p(f) = -14*f - 14. Let z(b) = -7*k(b) - 4*p(b). Calculate z(q).
-7
Let x(s) = 115*s**3 + 20*s - 32 + 8*s**2 - 114*s**3 - 6*s**2 + 20*s**2 + 11. Give x(-21).
0
Let y(c) = -c**2 + 9*c - 10. Suppose -3*d + 14 = x, -12*x = d - 11*x - 8. What is y(d)?
8
Let d(f) = 125*f - 23. Let u(w) = 70*w - 13. Let j(m) = 4*d(m) - 7*u(m). Calculate j(-4).
-41
Let z(t) = -2*t**2 + 9*t + 1. Let b be ((-3 - 26) + 27)/((-4)/(-6)). Determine z(b).
-44
Let p(x) be the third derivative of -23*x**4/12 - 45*x**3/2 - 2932*x**2. Calculate p(-3).
3
Let o(i) be the first derivative of 5*i**2/2 + 28*i - 1540. Determine o(-4).
8
Let u(a) = -3*a**2 - 3*a + 2. Let w(r) = 13*r - 2. Let i be w(1). Let z be (-2)/i + 1020/165. Let v(y) = -4*y + 21. Let s be v(z). What is u(s)?
-16
Let a(o) = 16 - 5 + o**2 + 23*o - 26*o - 8. Determine a(3).
3
Let c(b) be the first derivative of 7*b**2/2 - 5*b + 446. Calculate c(-3).
-26
Let c be ((-470)/(-50) - 9)/((-2)/(-60)). Suppose -27*y + c*y = 45. Let i(u) = -u**2 - 3*u - 2. Calculate i(y).
-2
Let i(z) = -2*z**2 - 5. Let s be i(0). Let h(a) = a**3 + 3*a**2 - 8*a - 6. Calculate h(s).
-16
Let w(l) be the second derivative of -l**5/12 - l**4/12 + l**3/3 + 85*l**2/2 - 188*l. Let a(i) be the first derivative of w(i). Let k = 3 + -1. What is a(k)?
-22
Let q(j) = 2*j**3 - 3*j**2 + 4*j - 2. Let u = 1 + -1. Let v(b) = b**3 - 5*b**2 - 2*b + 12. Let g be v(5). Let d = g + u. What is q(d)?
10
Let r be ((-9)/(1566/(-24)))/((-26)/(-377)). Let o(j) = j**2 - 4*j + j + 4 + 0*j**2. Give o(r).
2
Let d(i) be the third derivative of 5/6*i**3 + 1/12*i**4 - 1 + 3*i**2 + 0*i. Suppose -6 = p + 5*w - 0, 2*w + 18 = -3*p. Give d(p).
-7
Let n(k) = -9*k**2 - 1. Let d(j) = j**3 - 28*j**2 + 12*j - 73. Let z(b) = d(b) - 5*n(b). Give z(-16).
-4
Let a(c) = -c**3 + 3*c**2 + 4*c + 3. Let o(d) = 8*d - 52. Let j be o(7). Let h be a(j). Let k(g) = 4 + 6*g - 2*g**2 + h*g + 2*g - 6*g. Determine k(4).
-8
Let c(p) be the second derivative of p**5/20 + p**4 + 11*p**3/6 - 4*p**2 + 2270*p. Give c(-11).
-8
Let v(p) = p + 1. Let q(d) = -5*d**2 - 3*d + 2. Let y(m) = -6*m**2 + 1 + 3*m**2 - 2*m**2 + 4*m**2. Let j(a) = q(a) - 4*y(a). Let n be j(-1). Give v(n).
1
Let w(j) be the third derivative of 0*j + 1/4*j**4 + 7/120*j**5 + 0 + 20*j**2 + 1/360*j**6 + 4*j**3. Let d(y) be the first derivative of w(y). Determine d(-4).
-6
Let y(k) = -135 + 11*k + 98 + 38. Let a be ((-1)/4 + 1)*-4. Determine y(a).
-32
Let h(v) be the third derivative of v**4/12 + 9*v**3/2 - 11*v**2 + 12*v. Calculate h(-15).
-3
Let u(q) = 21*q - 7. Suppose 36*y - 40*y + 12 = -2*h, -3*h - 6 = -3*y. Determine u(h).
35
Let x(t) = -t**3 + 6*t**2 - t + 2. Let k(g) = -g**2 - 8*g + 7. Let r be k(-17). Let a = -140 - r. Determine x(a).
-4
Let p(h) be the first derivative of 5*h**2/2 + 75*h + 1568. What is p(-16)?
-5
Let n(l) = 2*l + 1. Let c(a) = 7 - 19*a + 47*a - 27*a. Let b(p) = -c(p) + 6*n(p). What is b(1)?
10
Let z(m) be the third derivative of -m**4/24 - 14*m**2. Let x be (-3 + 6)*(-64)/(-12). Let i = x + -16. Determine z(i).
0
Let y = 172 + -166. Let h(l) be the third derivative of -7*l**4/24 + 5*l**3/6 - 6*l**2. Let z(n) = -8*n + 6. Let a(c) = 6*h(c) - 5*z(c). What is a(y)?
-12
Let s = 30536 + -30526. Let t(d) = -d**3 + 11*d**2 - 17*d + 65. Calculate t(s).
-5
Suppose -216 - 187 = 8*p - 379. Let s(f) = -f**2 + 0*f**2 - 6 - 9*f + 2*f**2. Let b(t) = 2*t**2 - 10*t - 6. Let x(d) = p*s(d) + 2*b(d). Give x(-7).
6
Let y(u) = 6*u**2 - 14*u + 30. Let f(t) = t**2 - t + 3. Let p(h) = 5*f(h) - y(h). Let z(m) = -m**2 - 11*m - 12. Let n be z(-9). Determine p(n).
3
Let p(y) = -1 + 5*y + 2 - 4. Let j = 12448 - 12443. Determine p(j).
22
Let a be ((-740)/(-48) - (-2)/(-12))*-20. Let m = -310 - a. Let h(d) = d - 8*d + d**3 - 2*d**2 + 6*d**2 - 4. What is h(m)?
6
Let x(n) = 3 + 6 - 4*n - 11. Suppose 7*a - a + 12 = 0. Calculate x(a).
6
Let k(r) = r**3 - 1 + 5 - 2 - 7*r + 8 - r**2. What is k(3)?
7
Let r(y) be the third derivative of y**5/60 - 11*y**3/3 - 37*y**2. Let s be r(7). Let x be (-8)/(-6)*s/18 - -2. Let w(v) = v**2 - v - 5. Calculate w(x).
7
Let h be 4/((-60)/(-35)) - (-4)/6. Suppose -7 = 4*p + q, -h*p = -5*p - q - 1. Let u(f) be the first derivative of -f**2/2 - 4*f - 96. Determine u(p).
-1
Let l(m) = 7*m**3 - m**2. Let u = 18 + 3. Let n = -18 + u. Suppose 0*r - 4*r = -4*h - 24, 4*r + 11 = -n*h. Give l(r).
6
Let l = -252 - -255. Let c(v) = 4*v - l*v + 244 - 232. Calculate c(-6).
6
Let r(d) = -d**3 + 27*d**2 - 20*d - 155. Let p be r(26). Let y(i) be the second derivative of 0 + 0*i**2 + 1/6*i**3 - 2*i. What is y(p)?
1
Suppose -6912*i + 392 = -6856*i. Let w(n) = -12*n**2 + 86*n + 5. Determine w(i).
19
Let k(t) = 2*t**2 - 6 - 6*t - 2 - t**2. Let p be (-6 - -1)*7160/100. Let a = p - -364. What is k(a)?
-8
Let j = 2065 - 2084. Let n(i) = i**2 + 16*i - 54. Calculate n(j).
3
Let d(k) = -2*k**2 - 2*k. Let n = -42 + 45. Let b(a) = -n*a + 2*a + 2*a - 2*a. Let r be b(3). Give d(r).
-12
Suppose -12 = -3*z + 5*z - u, 4*z + 14 = -3*u. Let f = -62 + 71. Let j(r) = f + 4*r + 8 - 19 - 4*r**2 - r**3. Calculate j(z).
3
Let m(n) = 6*n + 1. Let f(w) = -w**2 + 37*w + 3. Let g(y) = f(y) - 6*m(y). Let l(h) = -h**3 - 8*h**2 - 11*h + 8. Let a be l(-6). Determine g(a).
-5
Suppose 0*s - 6 = -2*s. Let m(l) = l**3 - 4*l**2 + 2*l - 4. Let f be m(s). Let c(a) be the second derivative of a**4/12 + 5*a**3/6 - 5*a**2 + 532*a. Give c(f).
4
Let v = 348 + -346. Suppose -2*t = -d - 4, 0*t + 5*t - v*d - 11 = 0. Let y(r) = 2*r**2 - 3*r - 2. Determine y(t).
7
Let w(c) = 26*c + 71. Let o(m) = 43*m + 140. Let q(v) = 3*o(v) - 5*w(v). Calculate q(0).
65
Let n = 12 + -2. Let h(b) = 77*b**2 - 15*b + 35. Let x(r) = -46*r**2 + 7*r - 18. Let m(q) = 3*h(q) + 5*x(q). Determine m(n).
15
Let t(y) be the first derivative of -y**4/6 - y**3/6 + 55*y**2/2 - 2*y - 90. Let s(f) be the second derivative of t(f). Determine s(-6).
23
Let f(m) be the first derivative of 2*m**3/3 - 11*m**2/2 - 14*m + 3093. Give f(9).
49
Let l(u) be the third derivative of -u**5/12 - u**4/12 + u**3/2 - 4*u**2 + 18*u. Determine l(2).
-21
Let l(m) = -m**3 - 7*m**2 + 9*m + 12. Suppose 0 = 2*f + 22*f - 288. Suppose -f*i = -15*i - 24. Calculate l(i).
4
Let n(q) be the first derivative of q**4/6 - q**3/6 - q**2/2 - 164*q + 85. Let a(v) be the first derivative of n(v). Let k be 2 - (0 - (-1 - -1)). What is a(k)?
5
Let i be 4/(0 - 2)*(19 - 28). Let y(f) = 4*f + 18. Determine y(i).
90
Let t(h) = -2*h + 3. Let l(o) = -8*o + 3. Let x be l(3). Let v = -21 - x. Suppose p + p = c + 8, v = 5*c. Determine t(p).
-5
Let g(v) be the first derivative of 26/3*v**3 - 12 + 27/2*v**2 + 1/4*v**4 + 48*v. Let d be g(-25). Let c(l) = 2*l**2 + 2*l - 2. Determine c(d).
2
Let o(m) be the second derivative of m**3/3 - 3*m**2 - m. Let p(y) = -3204*y - 12812. Let f be p(-4). Give o(f).
2
Let k(w) = 10*w - 31. Suppose -2*o = 5*g + 24, -o + 4*g - 48 = -75. Calculate k(o).
-1
Let c(n) be the second derivative of -17*n**5/10 - n**4/12 + 4*n. Let p be 91/63 + (-12)/27. Determine c(p).
-35
Let f(n) = -5*n**2 - 30*n + 9. Let d = -99 - -106. Let y(a) = -3*a**2 - 16*a + 4. Let t(o) = d*y(o) - 4*f(o). Calculate t(8).
-8
Let k = -133 + 192. Let u = k + -29. Let i(g) = -u*g**3 + 4*g - 3*g + 9*g**2 + 31*g**3. Calculate i(-9).
-9
Let h(k) = 3*k + 4. Let q = 8 - 6. Let a(l) = l**3 - 8*l**